(3) a prime number?
False
Let h(q) = -q**3 + 9*q**2 - 4*q + 9. Is h(5) prime?
True
Suppose 5*q - 34 = -2*a + 10, -5*q = -a - 38. Let v be 2/q - (-179)/4. Suppose -108 + v = -3*g. Is g composite?
True
Let p(d) be the second derivative of 0 + 2*d - d**2 + 1/12*d**4 + 2/3*d**3. Is p(-7) composite?
False
Suppose n - 154 = -5*j, -144 - 547 = -4*n - 5*j. Is n a prime number?
True
Let s(c) = 5*c**2 + 2*c + 3. Let a be s(6). Suppose 0 = 3*u - 1314 + a. Is u a composite number?
False
Suppose 4*c + h = 12, 2*c - 6 = -0*h - 4*h. Let p(i) = 12*i - 5. Is p(c) prime?
True
Let j = -399 + 602. Is j a composite number?
True
Let p(v) = -15*v + 3. Let z be p(-5). Suppose 0 = -0*j - 2*j + z. Is j a prime number?
False
Suppose -4*h = -h + 3*c - 9, 2*h + 3*c - 1 = 0. Let p = 51 - h. Is p a composite number?
False
Suppose -3*h + 7 + 2 = 0. Suppose 6 = 5*o + 3*t, o + 0*t + 3*t - 6 = 0. Suppose h*k + 4*z - 257 = o, -2*k + 5*z + 161 = 28. Is k a composite number?
False
Suppose -4*c - 20 - 15 = -3*r, 0 = 3*c + 15. Suppose 0 = 4*l - b - 568, r*b - 3*b - 8 = 0. Is l a composite number?
True
Suppose -5*p + 25 = 0, -j + 30 = -6*j - 2*p. Is (-1 - j)*(-3 - -26) composite?
True
Let z(h) = -10*h**3 + 4*h**2 - 3*h + 6. Is z(-7) a composite number?
True
Let l = 645 + -236. Is l composite?
False
Suppose 2*u + 5*r - 1358 = 0, 0 = u - 3*u - 2*r + 1358. Is u prime?
False
Let v = 8 + 3. Suppose 2*c = 2*r - 69 - v, 0 = r + c - 30. Is r a prime number?
False
Suppose -8*h = h - 8811. Is h prime?
False
Let w(g) = -g**3 - 5*g**2 + 2*g - 10. Is w(-6) a composite number?
True
Let c(j) be the third derivative of j**4/24 - 13*j**3/6 - 4*j**2. Let y be c(12). Is (-3 - 113)/y - 1 a composite number?
True
Let i = 105 + -34. Is i a composite number?
False
Let o(y) = -16*y - 6. Let w = 12 + -17. Is o(w) prime?
False
Is 206 - (-4 - -4 - 0) a composite number?
True
Suppose -2*v + 30 = -128. Is v prime?
True
Suppose 502 = 4*b - 342. Is b composite?
False
Let i(d) = 2*d**2 - 3*d - 19. Let x be 14 + 1/3*0. Is i(x) a prime number?
True
Is (-4)/(8/(-10))*71 composite?
True
Is (-24)/56 - (-2176)/14 a composite number?
True
Let c(u) be the first derivative of 2*u**2 + 3*u + 6. Suppose 5*k - 15 = -0*k. Is c(k) prime?
False
Let x(a) = 2*a**2 - 10*a - 7. Is x(-7) prime?
False
Let u(o) be the second derivative of o**5/20 - o**4/2 - o**3/6 - 5*o**2/2 + 2*o. Let l = 9 + -2. Is u(l) a composite number?
False
Let c(m) = 26*m**2 + 3*m + 1. Suppose -4*s + 2*s = o, 0 = 2*s - 2. Let d be c(o). Let p = -48 + d. Is p a composite number?
True
Let s be 5/((-50)/8)*-5. Suppose -4*r - s*w + 124 = 0, 2*r - 41 = 4*w + w. Suppose -t + r = 7. Is t prime?
False
Suppose -101 = -z + 1. Suppose 0 = -2*i - d + z, 0*i - 5*i - 3*d + 253 = 0. Is i a composite number?
False
Suppose 3*d - 1190 = -287. Is d prime?
False
Let l = 3 - -3. Is (2/(-3))/(l/(-171)) a composite number?
False
Let y = -26 + 63. Is y prime?
True
Let a be (-1 + 2)*(-18)/(-9). Suppose b - 153 = -a*b. Is b a composite number?
True
Let t(s) = 2*s - 1. Let f = 5 + -6. Let c be t(f). Let u(w) = 2*w**2 + w. Is u(c) a composite number?
True
Suppose -5*r = -5*t + 45, 0*r - 2*r = 3*t - 47. Is t prime?
True
Let y be ((-10)/(-6) - 2)*-15. Suppose l - 6*l + y*u + 5 = 0, -2*l - 2*u = -14. Suppose -6*x + 5*t + 60 = -2*x, -l*t - 16 = 0. Is x a composite number?
True
Let z = 394 - 75. Is z a prime number?
False
Let x = -94 - -221. Is x a composite number?
False
Suppose p - 5 + 3 = 0. Suppose -p*b - 15 = -91. Is b composite?
True
Let c = -65 - -622. Is c composite?
False
Let a = 2189 + -1529. Suppose 0 = -4*v + 3*o + 632, 4*v - a = 3*o - 7*o. Is v a prime number?
False
Suppose -6*q + 8*q - 2798 = 0. Is q a prime number?
True
Suppose -2*p = 2 - 0. Is ((-242)/(-8))/(p/(-4)) a prime number?
False
Let q(c) = 2*c**3 + c**2 + c. Let k be q(-1). Is k + (1 - (-2 + -18)) a composite number?
False
Suppose 719 = 4*i - 1301. Is i a composite number?
True
Let p = -1 + -2. Let w(n) = -n**3 - 4 + 2*n**2 + 2 - n**2. Is w(p) prime?
False
Let l(r) = 3*r**3 + 6*r**2 - 5*r - 1. Let w(s) = -3*s**3 - 5*s**2 + 4*s. Let c(q) = 3*l(q) + 4*w(q). Let v be c(-3). Is v*1 + 4/(-2) composite?
True
Let h(s) = 40*s - 21. Is h(11) composite?
False
Suppose 4*z - 216 = 3*z. Let q = -85 + z. Is q a composite number?
False
Let x(s) = 5*s**2 + 7*s + 9. Let u be x(-6). Let j = u + -92. Is j prime?
False
Suppose 3*x - 394 = a - 6*a, 4*a = -x + 143. Is x a prime number?
False
Suppose -4*f + 5*f = 1119. Is f prime?
False
Is (-7865)/(-10) - 2/(-4) prime?
True
Suppose 3*d - 10 = -2*x, 5*d - 2 + 0 = 4*x. Suppose -5*y = 5*a - 360, 221 = y + x*y + 2*a. Is y prime?
False
Suppose 0 = -5*s + 1 - 6. Let p(b) = -6 - 37*b + 1 + 5. Is p(s) composite?
False
Let n = 3850 + -1992. Is n a prime number?
False
Suppose -2*y - 2 = 3*y + 2*g, -5*g - 5 = -4*y. Suppose -2*d + 24 = 4*f, y = f + 5*d + 12. Let i = 11 + f. Is i a prime number?
True
Suppose -4*u = -3*u - 15. Is u a prime number?
False
Let g(v) = -v**3 + 25*v**2 + 2*v + 39. Is g(22) a composite number?
True
Let l(a) be the second derivative of -a**4/12 + 2*a**3/3 + a**2/2 - 3*a. Let j be l(3). Suppose 2*p + z = -j*z + 298, 3*p + z - 447 = 0. Is p composite?
False
Suppose 21 = -5*s - 24. Let z be 4/(-6) - (-165)/s. Is (5 - z) + 1 + 0 a composite number?
True
Let o(p) = -2*p**3 + 4*p**2 - 5*p - 1. Is o(-4) composite?
False
Let v be (-10)/5*(0 + 1). Let z(x) = -x - 1. Let g be z(v). Let l(s) = 328*s + 1. Is l(g) composite?
True
Suppose -4*n - 2056 + 4860 = 0. Is n prime?
True
Let h = -1 + 1. Suppose 3*i - 4*g = -h*g - 10, -3*g + 4 = -4*i. Suppose 5*w = i*w + v + 66, -v = -w + 24. Is w prime?
False
Suppose 0 = t + 4*d - 14, -t - 8 = -2*t - 2*d. Suppose 2*a = -t*a + 1948. Is a prime?
True
Let k = 329 - 39. Suppose 3*n + 184 = 6*n + 5*b, 0 = -5*n - 5*b + k. Is n composite?
False
Suppose 14*m + 390 = 9*m. Let j = -45 - m. Is j a composite number?
True
Let o = -4 + 8. Suppose 0*u - o*u - n + 57 = 0, 3*u + 4*n - 33 = 0. Is u composite?
True
Suppose i = 6*i + j + 44, -i = 5*j + 28. Is 452/2*i/(-16) prime?
True
Suppose -q + 0*q + 5 = 0. Suppose g - 19 - 67 = 3*f, -5*f + 450 = q*g. Is g composite?
False
Let c = -128 - -249. Is c composite?
True
Let k(i) = 2*i**2 - 5*i + 57. Is k(-16) composite?
True
Let s = 3 + 2. Suppose 4*h = 2*l - 0*h - 8, s*h = -4*l + 3. Suppose -2*p - l*t - 2*t = -34, t = -p + 14. Is p prime?
True
Let a = 6 - 3. Suppose a*h - 364 = -4*w + 7*h, w - 5*h = 99. Is w a composite number?
False
Is (-471)/(-7) - (-32)/(-112) prime?
True
Let l(t) = 4*t**3 + 13*t**2 - 7*t + 3. Let z(y) = -11*y**3 - 38*y**2 + 20*y - 8. Let v(q) = 17*l(q) + 6*z(q). Is v(5) a prime number?
True
Let o(r) = r**3 - 8*r**2 + 8*r - 2. Let y be o(8). Suppose -2*s = -3*s + y. Is s composite?
True
Suppose -4*r = 9 + 3. Let s = r - -3. Is 1 + s - (0 - 21) a composite number?
True
Let n(k) = k**3 + 11*k**2 - 7*k - 8. Is n(-7) prime?
False
Let d = 30 + -21. Suppose -d = -3*w + 522. Is w a composite number?
True
Let l = 157 + -109. Suppose 4*x - l - 96 = 0. Suppose 129 = 5*z - x. Is z prime?
False
Let h be (-3)/(-6) + 321/2. Let q = h + 108. Is q a prime number?
True
Let j(o) = 7*o**2 + 3*o**2 + 2*o - 4*o + 3*o - o**3 - 1. Is j(9) composite?
False
Suppose -5*p = 4*j - 0*j - 6, -13 = -4*p + 5*j. Suppose 4*c + 0*c = -p*k + 14, -19 = -2*c + 3*k. Suppose z - 1 = -3*r + 37, -c*z = r - 36. Is r prime?
True
Let b(v) = -156*v**3 - v**2 - v + 1. Is b(-1) a prime number?
True
Let j = -25 - -40. Is j composite?
True
Let f(r) be the third derivative of r**6/10 - r**4/24 + 14*r**2. Let x(z) = -z**2 + 4*z + 1. Let c be x(4). Is f(c) a prime number?
True
Suppose -z - j + 8 = -2*j, -5*j = 5*z. Let d(f) = f**3 - 6*f**2 + 5*f + 1. Let k be d(5). Let h = z - k. Is h prime?
True
Suppose 4*v + 3*z - 25 = 2*v, -5*z = -5*v. Let b = -14 - -18. Suppose v*l - 3*k + 143 = 601, b*l = k + 365. Is l a composite number?
True
Suppose -128 = 2*n - 4*q, -216 = n + 2*n + 2*q. Suppose 0*i + 2*i = -5*v + 541, -2*i = 4*v - 432. Let s = v + n. Is s prime?
False
Let x(h) = -25*h + 4. Let f = -7 - 0. Is x(f) composite?
False
Suppose -2*g - 145 = -3*y - 6*g, 2*g + 10 = 0. Is y a prime number?
False
Let x(a) be the first derivative of -a**4/4 + 2*a**3 - a**2/2 - 9*a - 3. Is x(-4) prime?
False
Let d(i) = 36*i + 2. Let c = 0 + 2. Is d(c) composite?
True
Is 38